number?
True
Is 8084137 a composite number?
True
Is 12284381 prime?
True
Is 3192734 a prime number?
False
Is 514565021 a composite number?
False
Is 9616177 prime?
True
Is 525144379 composite?
False
Is 389867 a prime number?
True
Is 4715639 composite?
True
Is 8596871 prime?
False
Is 62869501 composite?
True
Is 643421 prime?
True
Is 11272243 prime?
False
Is 767273 a prime number?
False
Is 425099 composite?
True
Is 134437 composite?
False
Is 495216739 a composite number?
False
Is 21193541 a prime number?
True
Is 19530221 a composite number?
False
Is 1568791 a composite number?
True
Is 27897403 a composite number?
False
Is 46038161 composite?
True
Is 599848189 prime?
True
Is 41231219 a prime number?
False
Is 26090651 a composite number?
True
Is 85558399 prime?
False
Is 1908743 a prime number?
False
Is 162741611 prime?
True
Is 477131 a prime number?
True
Is 167857187 a composite number?
True
Is 4776259 a composite number?
True
Is 52990879 composite?
False
Is 189573333 a prime number?
False
Is 33254597 prime?
False
Is 444077917 composite?
False
Is 6455521 a prime number?
True
Is 1733449 composite?
False
Is 23940583 a prime number?
False
Is 47564411 composite?
False
Is 2011871 prime?
False
Is 1269731 prime?
True
Is 8586733 a prime number?
True
Is 47573861 a composite number?
False
Is 68418979 composite?
False
Is 3422119 prime?
True
Is 10811407 composite?
True
Is 85945439 a composite number?
False
Is 2077273 prime?
False
Is 1714757 a composite number?
True
Is 302569187 composite?
True
Is 4207373 a composite number?
False
Is 2632451 a prime number?
False
Is 4196527 prime?
True
Is 154427927 prime?
True
Is 39417859 a prime number?
False
Is 145932803 a prime number?
True
Is 244408313 prime?
False
Is 4064147 a prime number?
False
Is 9969689 a prime number?
True
Is 26655887 composite?
False
Is 15794687 a composite number?
False
Is 2437891 prime?
True
Is 108323519 prime?
True
Is 1453997 prime?
True
Is 111795809 composite?
False
Is 487220989 a prime number?
True
Is 163963753 a composite number?
True
Is 114902603 a composite number?
False
Is 84441953 composite?
False
Is 6238689 composite?
True
Is 24369155 a composite number?
True
Is 43904719 a composite number?
False
Is 8038061 prime?
True
Is 576017089 a prime number?
False
Is 12737039 a prime number?
False
Is 109545781 a prime number?
False
Is 287494693 prime?
False
Is 621047 a composite number?
True
Is 5824453 prime?
True
Is 8020451 a prime number?
False
Is 1046263 composite?
False
Is 1394821 a composite number?
False
Is 10082539 prime?
True
Is 1498198229 a prime number?
False
Is 29958931 composite?
False
Is 604330403 a composite number?
False
Is 22204933 a prime number?
False
Is 22274341 composite?
False
Is 48907 a composite number?
False
Is 530749691 a prime number?
True
Is 101583383 a prime number?
False
Is 18407563 a composite number?
False
Is 11863183 prime?
True
Is 3200929 prime?
True
Is 25402997 prime?
True
Is 1999369 composite?
True
Is 475321663 composite?
False
Is 2354939 composite?
True
Is 293773691 a composite number?
False
Is 308201497 prime?
False
Is 391796633 a composite number?
True
Is 286129 a prime number?
True
Is 77820243 a composite number?
True
Is 14433227 composite?
True
Is 19793653 a prime number?
False
Is 59322467 composite?
False
Is 1901749 prime?
True
Is 39787 composite?
True
Is 2389427 prime?
True
Is 1811789 prime?
False
Is 1413059 a prime number?
False
Is 81861211 composite?
False
Is 26207809 a prime number?
False
Is 11983717 prime?
False
Is 4885709 composite?
True
Is 1878649 composite?
True
Is 740083 prime?
False
Is 23028713 composite?
False
Is 12912073 a composite number?
False
Is 76152577 prime?
True
Is 3709631 a prime number?
True
Is 162209 a prime number?
True
Is 18504191 a composite number?
True
Is 58196137 a composite number?
True
Is 47833 prime?
False
Is 33996409 a prime number?
True
Is 77791903 prime?
False
Is 18094883 a composite number?
False
Is 558525623 prime?
False
Is 442734673 prime?
True
Is 12055427 composite?
True
Is 38629171 a composite number?
True
Is 170603 composite?
False
Is 118494619 prime?
False
Is 31783133 prime?
True
Is 1363797407 prime?
False
Is 55973 composite?
True
Is 338971 a prime number?
False
Is 55403881 a prime number?
False
Is 5430991 a composite number?
True
Is 16268653 a composite number?
False
Is 5179481 a prime number?
True
Is 1310747057 a composite number?
True
Is 17709871 a composite number?
False
Is 2370517 a composite number?
False
Is 1209413 a prime number?
False
Is 240987653 composite?
False
Is 179276206 composite?
True
Is 622241 a prime number?
True
Is 140587 a prime number?
True
Is 166969399 a composite number?
True
Is 34226683 a composite number?
True
Is 801061 prime?
True
Is 6786301 a composite number?
True
Is 4747651 a prime number?
True
Is 6764137 prime?
True
Is 25213517 composite?
True
Is 19479397 composite?
True
Is 60761143 composite?
False
Is 114047009 composite?
False
Is 478817 composite?
True
Is 2335519 a composite number?
False
Is 572539753 prime?
False
Is 556685 a composite number?
True
Is 16293041 a composite number?
True
Is 257813693 composite?
True
Is 86578759 a prime number?
False
Is 24378997 a prime number?
True
Is 1647097 composite?
False
Is 29969177 prime?
False
Is 12582887 a prime number?
False
Is 241860655 a composite number?
True
Is 97934917 a prime number?
True
Is 142003 a composite number?
True
Is 123779197 a prime number?
False
Is 39818881 a prime number?
True
Is 3458557 a prime number?
True
Is 1296653 prime?
False
Is 116819 a prime number?
True
Is 844421 prime?
True
Is 2036659 prime?
False
Is 538014023 composite?
False
Is 121843 a prime number?
True
Is 126082223 a prime number?
True
Is 3013501 composite?
False
Is 62969 a prime number?
True
Is 21752329 composite?
False
Is 22712831 a composite number?
True
Is 788689 a prime number?
False
Is 10953623 a prime number?
False
Is 3347567 a prime number?
False
Is 1162129 a prime number?
True
Is 302303297 prime?
True
Is 915391 composite?
False
Is 191883206 composite?
True
Is 813343 a prime number?
True
Is 947189 composite?
True
Is 10370467 a prime number?
True
Is 65485999 prime?
True
Is 324019271 prime?
True
Is 27210895 prime?
False
Is 1434732877 a composite number?
False
Is 13376887 composite?
False
Is 3362627 prime?
True
Is 30864553 a prime number?
True
Is 6889405 a composite number?
True
Is 9108919 a composite number?
True
Is 164385527 a composite number?
False
Is 85127342 a composite number?
True
Is 191519 a composite number?
False
Is 6050441 a prime number?
True
Is 143873 composite?
False
Is 18855071 a prime number?
True
Is 1062553 composite?
True
Is 78359777 a composite number?
True
Is 944141 a prime number?
False
Is 5795635 a composite number?
True
Is 3232279 a prime number?
True
Is 287089307 prime?
True
Is 139160495 a composite number?
True
Is 83846863 prime?
True
Is 25558847 a composite number?
True
Is 78697441 a composite number?
False
Is 7146941 prime?
True
Is 13377037 prime?
False
Is 1020781 a prime number?
False
Is 96047 a composite number?
True
Is 12960901 prime?
True
Is 66339687 composite?
True
Is 156532069 a prime number?
True
Is 129937 prime?
True
Is 348637915 prime?
False
Is 3620053 a prime number?
True
Is 164844337 a prime number?
False
Is 6999523 prime?
True
Is 57691001 composite?
True
Is 6130907 prime?
True
Is 15045703 composite?
True
Is 928683553 composite?
True
Is 81803793 a composite number?
True
Is 233160413 a prime number?
False
Is 1716607 prime?
False
Is 2111801 a composite number?
False
Is 73487657 composite?
False
Is 301543981 a composite number?
False
Is 3549901 prime?
True
Is 1239473 a prime number?
False
Is 5845591 a prime number?
True
Is 3075539 a composite number?
True
Is 71488429 a composite number?
True
Is 23035757 prime?
True
Is 200807 a composite number?
False
Is 47894087 prime?
True
Is 86328041 prime?
False
Is 776627 composite?
False
Is 118455829 prime?
True
Is 42330773 a composite number?
False
Is 34194161 a prime number?
False
Is 2773759 prime?
True
Is 39108049 prime?
False
Is 146767259 prime?
True
Is 6301831 a composite number?
True
Is 2661914 a prime number?
False
Is 2836373 composite?
True
Is 493905389 a composite number?
False
Is 1258934 a composite number?
True
Is 3508207 a composite number?
True
Is 75241379 prime?
True
